 Let z = 8 + i. Suppose 0 = -q - 0*q + z. What are the prime factors of q?
3
Let d = 76 + -46. Suppose -2*p + 57 = 3*g + 2*p, 0 = -3*g + 5*p + d. What are the prime factors of g?
3, 5
Suppose 6*w + 380 - 92 = 0. Let v = w + 80. What are the prime factors of v?
2
Let w be 14/4 + 4/(-8). Suppose -30 = -t - w*p, -44 = -3*t - 3*p + 46. What are the prime factors of t?
2, 3, 5
List the prime factors of (-6)/(-4)*4*(-7)/(-3).
2, 7
Let j(a) be the second derivative of a**3/3 + 2*a**2 - 4*a. What are the prime factors of j(6)?
2
Let h(b) = -b**2 - 6*b + 4. Let u be h(-6). Suppose 2*k - 3*k + u = 0. Let n = k + 2. List the prime factors of n.
2, 3
Let s(p) = 3*p**2 + 5*p + 8. List the prime factors of s(-7).
2, 3, 5
Let b = 242 - 117. What are the prime factors of b?
5
What are the prime factors of ((-17)/(-51))/((-1)/(-663))?
13, 17
Let y(l) = l**3 + 8*l**2 + 7*l - 1. Let c be y(-5). Suppose 0 = -3*b + n + 20, -5*b + 0*n = 4*n - c. List the prime factors of b.
7
Suppose -3*p + 15 = 0, -g - 5 + 18 = p. Let a = g + 3. What are the prime factors of a*(-1)/(0 + -1)?
11
Let b = -11 - -20. List the prime factors of b.
3
Let v be 2/(-1) - (-1 - 2). Let x be (-1)/(-2) + (-15)/6. What are the prime factors of 8 - (x - (0 - v))?
3
Suppose -u = -1 - 1. Suppose -v = -3*v + 6. Suppose 0 = k - u - v. What are the prime factors of k?
5
Let z(y) be the second derivative of -y**5/120 + y**4/2 + y**3/3 + y. Let h(p) be the second derivative of z(p). List the prime factors of h(8).
2
Let z = 650 - 317. What are the prime factors of z?
3, 37
Let d = -11 + 21. Let r = d - -2. List the prime factors of r.
2, 3
Suppose 4*d + m = -4*m - 7, 2*d - m = 7. Suppose d*s - 30 = -v, -1 = -2*v + 3. List the prime factors of s.
2, 7
Let f = 315 + -186. List the prime factors of f.
3, 43
Let x = 22 - -45. List the prime factors of x.
67
Let m = -56 + 409. What are the prime factors of m?
353
Let k be (-4)/8 - 146/(-4). Suppose x + x = k. What are the prime factors of x?
2, 3
Let y be (-3 + 2 + 1)/(-3). Let c be -1 + 2 + 2 + y. Suppose -5*t + 90 = c*f, -3*f + 36 = 2*t - 5*f. List the prime factors of t.
2, 3
Suppose -3*d = -4*h + 3*h - 544, -4*d + 722 = -2*h. What are the prime factors of d?
3, 61
Let m(y) = 3*y + 5. Let r be m(-4). Let h = 14 - r. What are the prime factors of h?
3, 7
Let s(o) = o**3 - o**2 - o + 1. Let k = 0 + -1. Let x(p) = -3*p**3 - p**2 + 7*p. Let b(v) = k*x(v) - 4*s(v). List the prime factors of b(3).
5
Suppose 3*i - 5*n + 3*n - 134 = 0, 72 = 2*i + 3*n. Suppose a + 2*a = i. List the prime factors of a.
2, 7
Let o(i) be the second derivative of i**4/24 + 17*i**3/6 - i**2 - i. Let g(a) be the first derivative of o(a). List the prime factors of g(-8).
3
Suppose 4*k + k = 120. Let z = k - 7. List the prime factors of z.
17
What are the prime factors of (2/4)/(-5*(-9)/630)?
7
Let i(o) = o**2 - 7*o - 6. What are the prime factors of i(11)?
2, 19
Let q = -36 - -116. What are the prime factors of q?
2, 5
Let y(p) = -p**3 - 4*p**2 + 5*p + 3. Suppose 3*z - 3*c + 23 = 2*c, c - 19 = 3*z. Let v be y(z). Suppose n = -4*n + v. What are the prime factors of n?
3
Let m = 8 - 3. Suppose p + 3*r = 11, r - 4 = -m*p + 9. Suppose -p*h + 36 = h. List the prime factors of h.
2, 3
Let k(m) = -9*m - 2. Let x = 15 - 17. List the prime factors of k(x).
2
Let b be 2/(-6) - (-39)/9. Suppose 2*d - 42 = 2*o, o - b*o + 32 = 2*d. List the prime factors of d.
19
Let i = 73 - 31. List the prime factors of i.
2, 3, 7
Let a(w) = -w**2 - 5*w - 4. Let c be a(-3). Let r be (-133)/(-28) + c/8. Suppose x + r*m = 23, 7*x - 46 = 2*x - 2*m. What are the prime factors of x?
2
Let k(j) be the first derivative of -2*j**2 + 2*j + 2. List the prime factors of k(-2).
2, 5
Let k be 33/6 - 2/4. Let j(x) = 5*x - 1. Let q be j(k). Suppose 2*t + 2*y - q = 0, 2*t + 3*y + 28 = 3*t. What are the prime factors of t?
2
Let j(x) = -x**2 - 6 + 2*x + 20 - 12*x. What are the prime factors of j(-10)?
2, 7
Let w be (-158)/(-6) - (-4)/6. Let i = w - 15. What are the prime factors of i?
2, 3
Let m(z) = -z**2 - 7*z + 1. What are the prime factors of m(-6)?
7
Let p(r) = r - 6. Let z be p(6). Let a = 10 + z. Let c = a + -1. List the prime factors of c.
3
Suppose 2*v + 8 = 6*v. Let h be -3*1*v/(-3). List the prime factors of 6/h - (-1 - -2).
2
Suppose 6*x = -0*x - 660. Let v = -66 - x. What are the prime factors of v?
2, 11
Let y(c) = -11*c + 14. List the prime factors of y(0).
2, 7
Suppose -128 = -5*v + 52. Let d = v + -24. List the prime factors of (-9)/(-12) - (-87)/d.
2
Let j(m) = 3*m + 2. List the prime factors of j(9).
29
Let a be (9/6)/((-2)/(-12)). Suppose 56 = 5*t - a. Suppose t = -2*n + n + 4*u, -3*n + 2*u = -11. List the prime factors of n.
7
Suppose -4*j = j + 405. What are the prime factors of 1/(-3*1/j)?
3
Let p be (12/36)/((-1)/(-3)). Suppose p - 17 = -j. List the prime factors of j.
2
What are the prime factors of -36*(8/(-16))/((-1)/(-2))?
2, 3
Suppose -y + 24 = 4*o + 4*y, -4*o = -y. What are the prime factors of o/2*1*4?
2
Let g(p) = -p**3 - 5*p**2 - 6*p - 5. Let d be g(-4). Suppose -5*f - 28 = -d*b, 4 = b - 2*f - 6. What are the prime factors of b?
2, 3
Let z be (4 + -3)*(30 - 1). Suppose 5*m = -151 + 56. Let p = m + z. List the prime factors of p.
2, 5
Let r be 4*((-3)/(-6) + 0). Suppose r*k = -2*k. Suppose 4*l + 5*t = 20, 4*l + k*t = -t + 36. What are the prime factors of l?
2, 5
Suppose -39 - 1 = -4*x. List the prime factors of x.
2, 5
Suppose y = -4*h + 4*y + 707, 882 = 5*h - 2*y. List the prime factors of h.
2, 11
Suppose -3*v + 0 = 3. Let j be v/(12/27)*-12. Suppose 3*q = -0*q + j. List the prime factors of q.
3
What are the prime factors of -4*4/8 - -1*28?
2, 13
Suppose 2*x + x - 60 = 0. Suppose 5*u - x = -r, -r = 3*u - 0 - 14. Suppose 0 = q - 4 - u. What are the prime factors of q?
7
Let s = -7 - -1. Let q(k) = -2*k - 7. List the prime factors of q(s).
5
Let u(f) = 29*f**3 + 1. Let p be u(1). Suppose 0 = -7*m + 2*m + p. Suppose -2*s + m = -s. What are the prime factors of s?
2, 3
Suppose 0 + 10 = 5*b + 5*h, 2*b = 2*h - 4. Suppose -3*f - 119 = -4*c - 38, b = 4*c + f - 101. What are the prime factors of c?
2, 3
Let j = -8 - -8. Let q be ((-8)/(-5))/(2/20). Suppose 3*p + p - q = j. What are the prime factors of p?
2
Suppose -5*h + 1 = -m - m, 4*h - 12 = 0. What are the prime factors of ((-36)/m)/(3/(-28))?
2, 3
Let p(v) be the second derivative of -v**7/2520 + v**6/90 - v**5/24 + v**4/6 - v. Let r(i) be the third derivative of p(i). What are the prime factors of r(5)?
2, 5
Suppose -4*h = 18 - 358. What are the prime factors of h?
5, 17
What are the prime factors of 6*(-3 - -7)/12?
2
Let h(q) = 3*q**2 - 3*q + 2. List the prime factors of h(-7).
2, 5, 17
Suppose 0 = j + 5*f - 6 - 5, 9 = 3*f. Let y be j/(-6)*18/4. Suppose -y*z - 43 = -2*c, -45 = 3*c - 5*c + 5*z. What are the prime factors of c?
2, 5
Suppose 0 = 3*y + 5*c - 10, -27 = -4*y - c - 8. Suppose -y*o = -3*g + 37, -5*g - 2*o = -18 - 23. What are the prime factors of g?
3
Suppose 0 = 4*d - 3*d. Suppose -m - 2*m - 4*z + 48 = d, 0 = -z + 3. Suppose 0 = 2*k - v - m - 10, 60 = 4*k + 2*v. List the prime factors of k.
13
Suppose -4*q + 2*q = 0. Suppose 2*g + 0*g - 38 = q. What are the prime factors of g?
19
Suppose 0 = y - 2 - 1. What are the prime factors of -29*(y - (-4)/(-1))?
29
Suppose 183 = -5*w + 43. Let n = w - -43. What are the prime factors of n?
3, 5
Suppose 2*i + 5 = 37. Suppose -3*j + 118 - i = 0. List the prime factors of j.
2, 17
Let y(n) = -4*n - 7. List the prime factors of y(-11).
37
Let d be 0 - 4/(-2) - -5. What are the prime factors of (1 - 2) + d + 0?
2, 3
Let i = 38 - -59. What are the prime factors of i?
97
Suppose -654 = 8*i - 11*i. What are the prime factors of i?
2, 109
Let g(x) = x**2 - 7*x - 9. Let w be g(7). Let o(c) = c**2 + 1 - 12 + 7*c + c**2 - c**2. What are the prime factors of o(w)?
7
Let j(h) = -h - 3. Let f be j(-7). Suppose -6 = f*l + 6. What are the prime factors of (-1)/(l/12*2)?
2
Let c(l) = -l - 5. Let p be c(-11). Let x be -1 + 2 + 0 + 1. Suppose 0 = -3*g + h + p + 8, -x*h + 27 = 5*g. List the prime factors of g.
5
Let f(h) = -h**2 - 4*h + 155. List the prime factors of f(0).
5, 31
Let f(k) be the third derivative of 0*k + 3*k**2 - 1/24*k**4 - 1/3*k**3 + 0. What are the prime factors of f(-6)?
2
What are the prime fa